{"id":50,"date":"2016-12-15T12:45:18","date_gmt":"2016-12-15T20:45:18","guid":{"rendered":"http:\/\/gnosisamerica.com\/?page_id=50"},"modified":"2016-12-15T12:46:09","modified_gmt":"2016-12-15T20:46:09","slug":"what-is-gnosis-know-yourself-conocete-a-ti-mismo","status":"publish","type":"page","link":"https:\/\/gnosisamerica.org\/index.php\/gnostic-articles\/what-is-gnosis-know-yourself-conocete-a-ti-mismo\/","title":{"rendered":"What is Gnosis? (Know yourself = Con\u00f3cete a ti mismo)"},"content":{"rendered":"<table width=\"100%\" cellpadding=\"4\">\n<tbody>\n<tr>\n<td valign=\"top\" width=\"50%\"><i><b>&#8220;Hombre con\u00f3cete a ti mismo y conocer\u00e1s al Universo y a los Dioses&#8221;<\/b><\/i><\/td>\n<td valign=\"top\" width=\"50%\"><b>&#8220;Man know yourself and you will know the Universe and the Gods&#8221;<\/b><\/td>\n<\/tr>\n<tr>\n<td valign=\"top\">\n<p align=\"justify\">\n<i> La ciencia trascendental de la GNOSIS tiene por piedra angular b\u00e1sica \u00e9ste lema de los antiguos Hierofantes griegos.<\/p>\n<p>La Gnosis es una ense\u00f1anza c\u00f3smica que busca restituir dentro de cada uno de nosotros, la capacidad de vivir consciente e inteligentemente a trav\u00e9s del estudio, comprensi\u00f3n y experimentaci\u00f3n del arte, la ciencia, la filosof\u00eda y la m\u00edstica trascendental.<\/p>\n<p>Esta Gnosis, develada, contiene una serie de elementos fundamentales que le dan autenticidad y que la conectan con las m\u00e1s puras tradiciones inici\u00e1ticas. En consecuencia, ella se aparta radicalmente de los postulados del psiquismo inferior que tanto abundan hoy en d\u00eda.<\/p>\n<p>Como quiera que los estudios gn\u00f3sticos han progresado extraordinariamente en estos \u00faltimos tiempos, ninguna persona culta caer\u00eda hoy, como anta\u00f1o, en el error simplista de hacer surgir a las corrientes gn\u00f3sticas de alguna exclusiva latitud espiritual.<\/p>\n<p>Si bien es cierto que debemos tener en cuenta en cualquier sistema gn\u00f3stico sus elementos helen\u00edsticos orientales, incluyendo Persia, Mesopotamia, Siria, India, Palestina, Egipto, etc., nunca deber\u00edamos ignorar a los principios gn\u00f3sticos perceptibles en los sublimes cultos religiosos de los nahuas, toltecas, aztecas, zapotecas, mayas, chibchas, incas, quechuas, etc.,etc., de Indoam\u00e9rica.<\/p>\n<p>Hablando muy francamente y sin ambages diremos: La Gnosis es un funcionalismo muy natural de la conciencia, una Philosofia Perennis et Universalis.<\/p>\n<p>Este Gnosticismo implica una serie coherente, clara, precisa, de elementos fundamentales verificables mediante experiencia m\u00edstica directa:<\/p>\n<p>1- La Maldici\u00f3n, desde un punto de vista cient\u00edfico y filos\u00f3fico.<br \/>\n2- El Adam y Eva del G\u00e9nesis hebr\u00e1ico.<br \/>\n3- El pecado original y la salida del para\u00edso.<br \/>\n4- El Misterio de Lucifer-Nahuatl.<br \/>\n5- La muerte del &#8220;Mi Mismo&#8221;.<br \/>\n6- Los poderes creadores.<br \/>\n7- La esencia del Salvador-Salvandus.<br \/>\n8- Los Misterios Sexuales.<br \/>\n9- El Cristo Intimo.<br \/>\n10- La Serpiente Ignea de nuestros m\u00e1gicos poderes.<br \/>\n11- El regreso al Edem y el Don de Mefist\u00f3feles.<\/p>\n<p>S\u00f3lo las Doctrinas Gn\u00f3sticas que impliquen los fundamentos Ontol\u00f3gicos, Teol\u00f3gicos y Antropol\u00f3gicos renglones arriba citados, forman parte del Gnosticismo aut\u00e9ntico.<\/i><\/p>\n<\/td>\n<td valign=\"top\">\n<p align=\"justify\">\nThe Transcendental science of GNOSIS has as its basic angular stone, this ancient motto of Greek hierophants.<\/p>\n<p>Gnosis is a cosmic teaching that seeks to restore within each one of us the capacity to live consciously and intelligently through the study, comprehension and experimentation of Art, Science, Philosophy and transcendental Mysticism.<\/p>\n<p>This unveiled Gnosis contains a series of fundamental elements which gives it authenticity and connects it with the purest initiatic traditions. Consequently it is radically different from the postulates of the inferior psychism that abounds so much nowadays.<\/p>\n<p><!--As the Gnostic studies have extraordinarily progressed in these latter times, no educated person would fall today, as in ancient times, into the simplistic error that would make the Gnostic currents emerge from some spiritually exclusive latitude.--> As the Gnostic studies have extraordinarily progressed in these latter times, no educated person would fall today, as in ancient times, into the simplistic error of thinking that the Gnostic currents emerge from some spiritually exclusive location.<\/p>\n<p>It is true that if we take into account any Gnostic System with Hellenistic and Oriental elements, including Persia, Mesopotamia, Syria, India, Palestine, Egypt, etc. We can not ignore the Gnostic principles that are perceptible in the sublime religious cults of the Nahuas, Toltecs, Aztecs, Zapotecs, Mayans, Chibchas, Incas, Quechuas, etc, etc, from indoamerica.<\/p>\n<p>Speaking very frankly and without <!--circumlocutions-->evasive terms we must say: Gnosis is a very natural function of the Consciousness, a Perennial and Universal Philosophy.<\/p>\n<p>This Gnosticism implies a coherent, clear, and precise series of fundamental elements that are verifiable through the direct mystical experience.<\/p>\n<p>1- Damnation, from the scientific and philosophical point of view<br \/>\n2- Adam and Eve from the Hebraic Genesis.<br \/>\n3- The original Sin and the exit from Paradise.<br \/>\n4- The mystery of the Nahuatl-Lucifer.<br \/>\n5- The death of &#8220;Oneself&#8221;.<br \/>\n6- The creative powers.<br \/>\n7- The Essence of the Salvador-Salvandus.<br \/>\n8- The Sexual Mysteries.<br \/>\n9- The Intimate Christ.<br \/>\n10- The igneous Serpent of our magical powers.<br \/>\n11- The return to Eden and the gift of Mefist\u00f3feles.<\/p>\n<p>Only the Gnostic Doctrines that imply the Ontological, Theological and Anthropological fundamentals quoted above, form part of authentic Gnosticism.<\/p>\n<\/td>\n<\/tr>\n<\/tbody>\n<\/table>\n","protected":false},"excerpt":{"rendered":"<p>&#8220;Hombre con\u00f3cete a ti mismo y conocer\u00e1s al Universo y a los Dioses&#8221; &#8220;Man know yourself and you will know the Universe and the Gods&#8221; La ciencia trascendental de la GNOSIS tiene por piedra angular b\u00e1sica \u00e9ste lema de los antiguos Hierofantes griegos. La Gnosis es una ense\u00f1anza c\u00f3smica que busca restituir dentro de cada &hellip; <\/p>\n<p class=\"link-more\"><a href=\"https:\/\/gnosisamerica.org\/index.php\/gnostic-articles\/what-is-gnosis-know-yourself-conocete-a-ti-mismo\/\" class=\"more-link\">Continue reading<span class=\"screen-reader-text\"> &#8220;What is Gnosis? (Know yourself = Con\u00f3cete a ti mismo)&#8221;<\/span><\/a><\/p>\n","protected":false},"author":1,"featured_media":0,"parent":2,"menu_order":12,"comment_status":"closed","ping_status":"closed","template":"","meta":[],"categories":[5],"tags":[3,2],"_links":{"self":[{"href":"https:\/\/gnosisamerica.org\/index.php\/wp-json\/wp\/v2\/pages\/50"}],"collection":[{"href":"https:\/\/gnosisamerica.org\/index.php\/wp-json\/wp\/v2\/pages"}],"about":[{"href":"https:\/\/gnosisamerica.org\/index.php\/wp-json\/wp\/v2\/types\/page"}],"author":[{"embeddable":true,"href":"https:\/\/gnosisamerica.org\/index.php\/wp-json\/wp\/v2\/users\/1"}],"replies":[{"embeddable":true,"href":"https:\/\/gnosisamerica.org\/index.php\/wp-json\/wp\/v2\/comments?post=50"}],"version-history":[{"count":3,"href":"https:\/\/gnosisamerica.org\/index.php\/wp-json\/wp\/v2\/pages\/50\/revisions"}],"predecessor-version":[{"id":53,"href":"https:\/\/gnosisamerica.org\/index.php\/wp-json\/wp\/v2\/pages\/50\/revisions\/53"}],"up":[{"embeddable":true,"href":"https:\/\/gnosisamerica.org\/index.php\/wp-json\/wp\/v2\/pages\/2"}],"wp:attachment":[{"href":"https:\/\/gnosisamerica.org\/index.php\/wp-json\/wp\/v2\/media?parent=50"}],"wp:term":[{"taxonomy":"category","embeddable":true,"href":"https:\/\/gnosisamerica.org\/index.php\/wp-json\/wp\/v2\/categories?post=50"},{"taxonomy":"post_tag","embeddable":true,"href":"https:\/\/gnosisamerica.org\/index.php\/wp-json\/wp\/v2\/tags?post=50"}],"curies":[{"name":"wp","href":"https:\/\/api.w.org\/{rel}","templated":true}]}}